red thousands digit of 3248208983?
2
What is the tens digit of 18438480?
8
What is the ten thousands digit of 617520135?
2
What is the hundred millions digit of 422230641?
4
What is the billions digit of 3073273793?
3
What is the hundred millions digit of 3168185617?
1
What is the millions digit of 6597936806?
7
What is the millions digit of 42582095?
2
What is the hundred thousands digit of 78744761?
7
What is the tens digit of 630081592?
9
What is the thousands digit of 17158226?
8
What is the hundreds digit of 36509620?
6
What is the hundreds digit of 517336601?
6
What is the tens digit of 357200398?
9
What is the tens digit of 83327184?
8
What is the ten thousands digit of 2652635701?
3
What is the thousands digit of 67189126?
9
What is the tens digit of 3395533576?
7
What is the thousands digit of 110241088?
1
What is the hundreds digit of 64427860?
8
What is the hundreds digit of 21770886?
8
What is the hundred millions digit of 1799574557?
7
What is the hundreds digit of 2685012384?
3
What is the units digit of 42030427?
7
What is the hundred millions digit of 295532075?
2
What is the ten thousands digit of 1072692059?
9
What is the units digit of 253688928?
8
What is the millions digit of 52619236?
2
What is the hundreds digit of 344413353?
3
What is the tens digit of 236379307?
0
What is the ten millions digit of 538251562?
3
What is the hundred thousands digit of 187537596?
5
What is the hundred millions digit of 1571926556?
5
What is the thousands digit of 30603810?
3
What is the hundreds digit of 428316437?
4
What is the ten thousands digit of 45491256?
9
What is the units digit of 1421201796?
6
What is the ten thousands digit of 46048768?
4
What is the millions digit of 227678843?
7
What is the ten thousands digit of 17069557?
6
What is the units digit of 36341577?
7
What is the tens digit of 28955634?
3
What is the thousands digit of 1228460714?
0
What is the hundred millions digit of 192069369?
1
What is the units digit of 228698313?
3
What is the ten thousands digit of 5864686045?
8
What is the tens digit of 94307697?
9
What is the hundreds digit of 12609348?
3
What is the millions digit of 1716523974?
6
What is the millions digit of 3099156735?
9
What is the tens digit of 49709384?
8
What is the thousands digit of 754754373?
4
What is the thousands digit of 9765010?
5
What is the thousands digit of 3838021053?
1
What is the hundreds digit of 1076320238?
2
What is the hundreds digit of 788361177?
1
What is the units digit of 244204346?
6
What is the tens digit of 468284624?
2
What is the millions digit of 81170937?
1
What is the hundreds digit of 121478707?
7
What is the units digit of 3514966286?
6
What is the thousands digit of 117814122?
4
What is the hundred millions digit of 1948622175?
9
What is the ten millions digit of 60493436?
6
What is the thousands digit of 29807562?
7
What is the tens digit of 2501380309?
0
What is the hundreds digit of 2235910?
9
What is the hundreds digit of 1886681984?
9
What is the ten thousands digit of 22120909?
2
What is the units digit of 114470247?
7
What is the ten millions digit of 240098925?
4
What is the millions digit of 862473347?
2
What is the units digit of 1313130444?
4
What is the tens digit of 28900335?
3
What is the ten thousands digit of 2521752109?
5
What is the ten millions digit of 686962960?
8
What is the ten millions digit of 25678381?
2
What is the hundred thousands digit of 905803502?
8
What is the thousands digit of 10331794?
1
What is the ten millions digit of 204814705?
0
What is the thousands digit of 4028690307?
0
What is the millions digit of 7320821?
7
What is the ten thousands digit of 642977393?
7
What is the ten millions digit of 201059743?
0
What is the hundreds digit of 2921207365?
3
What is the billions digit of 2184545513?
2
What is the thousands digit of 155292998?
2
What is the tens digit of 107793736?
3
What is the ten thousands digit of 3624527793?
2
What is the hundred thousands digit of 740211572?
2
What is the tens digit of 22913749?
4
What is the millions digit of 238611050?
8
What is the units digit of 442861864?
4
What is the ten thousands digit of 966997514?
9
What is the hundred thousands digit of 7727295224?
2
What is the units digit of 660132379?
9
What is the ten millions digit of 34781329?
3
What is the ten millions digit of 54425287?
5
What is the hundred thousands digit of 23995866?
9
What is the millions digit of 597345431?
7
What is the hundred thousands digit of 2374622936?
6
What is the units digit of 2842216677?
7
What is the ten millions digit of 646267234?
4
What is the hundreds digit of 77444220?
2
What is the thousands digit of 299403840?
3
What is the units digit of 1632453788?
8
What is the ten thousands digit of 206531302?
3
What is the units digit of 178446415?
5
What is the millions digit of 1184492253?
4
What is the hundreds digit of 8621935754?
7
What is the hundred thousands digit of 16577820?
5
What is the ten millions digit of 221930179?
2
What is the tens digit of 9860367?
6
What is the billions digit of 3349086751?
3
What is the hundred millions digit of 988767766?
9
What is the hundreds digit of 90699739?
7
What is the hundred thousands digit of 809381803?
3
What is the hundred thousands digit of 630724107?
7
What is the ten thousands digit of 187643084?
4
What is the hundred millions digit of 3122638898?
1
What is the hundred thousands digit of 44435191?
4
What is the millions digit of 1067993139?
7
What is the ten thousands digit of 478176702?
7
What is the millions digit of 69122261?
9
What is the units digit of 1783097?
7
What is the tens digit of 8685458?
5
What is the hundred millions digit of 690454079?
6
What is the hundred thousands digit of 7380837326?
8
What is the ten thousands digit of 5669915992?
1
What is the hundred millions digit of 104723776?
1
What is the ten thousands digit of 25361498?
6
What is the ten thousands digit of 116178081?
7
What is the millions digit of 704816155?
4
What is the hundred millions digit of 381973717?
3
What is the tens digit of 100718742?
4
What is the thousands digit of 51328613?
8
What is the ten thousands digit of 447784868?
8
What is the units digit of 5183230912?
2
What is the billions digit of 1702597174?
1
What is the tens digit of 775466357?
5
What is the units digit of 122289277?
7
What is the ten millions digit of 51492949?
5
What is the tens digit of 27740920?
2
What is the hundreds digit of 1118478010?
0
What is the ten thousands digit of 170170711?
7
What is the hundred thousands digit of 191229210?
2
What is the ten thousands digit of 14160980?
6
What is the ten millions digit of 183245789?
8
What is the thousands digit of 1319868851?
8
What is the hundred thousands digit of 1564709677?
7
What is the ten thousands digit of 170172353?
7
What is the thousands digit of 26226816?
6
What is the ten thousands digit of 5770521?
7
What is the ten millions digit of 902646744?
0
What is the units digit of 111272496?
6
What is the tens digit of 200662107?
0
What is the millions digit of 2499435445?
9
What is the tens digit of 103964561?
6
What is the ten millions digit of 150554358?
5
What is the tens digit of 12224397?
9
What is the millions digit of 111686947?
1
What is the ten thousands digit of 2465072787?
7
What is the thousands digit of 1274629417?
9
What is the ten millions digit of 396497635?
9
What is the thousands digit of 505846162?
6
What is the thousands digit of 7881982805?
2
What is the hundred thousands digit of 672144762?
1
What is the ten thousands digit of 1195713368?
1
What is the ten millions digit of 134131479?
3
What is the tens digit of 3120431797?
9
What is the thousands digit of 179335076?
5
What is the millions digit of 84324456?
4
What is the hundred thousands digit of 491381194?
3
What is the tens digit of 63690717?
1
What is the billions digit of 1030705934?
1
What is the millions digit of 92125711?
2
What is the millions digit of 14403214?
4
What is the hundreds digit of 27689309?
3
What is the ten thousands digit of 4038862989?
6
What is the thousands digit of 51460301?
0
What is the ten thousands digit of 2037084735?
8
What is the thousands digit of 2881373898?
3
What is the hundred millions digit of 379015174?
3
What is the billio